**2 + 4*f + 389. Is d(-18) composite?
False
Suppose -4*h = 4, 3*h = -3*d + 29064 - 3642. Suppose 8*z - d = -7*z. Is z a prime number?
False
Let m(u) = -3*u**2 + 5*u - 4. Let j be m(4). Let g be (-3)/9 - j/6. Suppose -4*a + 88 = 3*l - 52, -l = g*a - 175. Is a a composite number?
True
Suppose -43*h + 5655297 = -4817654. Is h a composite number?
True
Let j(b) = -59*b - 24. Let c be j(16). Suppose -f - 2*f - 5412 = 3*k, 1792 = -k - 5*f. Let r = c - k. Is r prime?
True
Suppose 0 = -34*n + 1310329 - 84017. Let b = -13522 + n. Is b a prime number?
False
Suppose -3*c + 243224 = 2*x, 2*x + 5*c + 607985 = 7*x. Is x a composite number?
True
Suppose i - 139470 = -3*z - 19905, 5*i - z = 597905. Suppose 57653 = 7*n - i. Is n composite?
True
Let l = -266747 + 636384. Is l composite?
False
Suppose 17*c - 15230 + 79456 = 0. Let a = c + 6497. Suppose 0 = 10*t + a - 11829. Is t prime?
True
Let l be 2 + (-3)/1 + -8. Let o be (-42)/(-4) + l/(-18). Is (506/(-8))/(o/(-44)) a prime number?
False
Suppose -23444 = -5*i + 9401. Suppose 0 = 2*c - 7077 - i. Is c prime?
True
Suppose -q - 4*n = -6*n - 137819, 2*q = -3*n + 275666. Is q a composite number?
False
Suppose 3*u - 5*c = 68111, -13*c = -2*u - 14*c + 45403. Is u prime?
False
Let u(n) = 10567*n**2 + 21*n + 45. Is u(-2) composite?
True
Let f(b) = -b**2 + b - 1. Let v(l) = 583*l**2 - 2*l - 6. Let w(k) = -3*f(k) + v(k). Is w(4) a composite number?
True
Let f = -39 - -45. Let t be 6064 + ((-8)/f - (-44)/33). Suppose 319 - t = -5*h. Is h a prime number?
False
Suppose -g - 5*v + 54 = 0, -5*g = 3*v - 89 - 137. Let l = g + -41. Is l*(0 - (-127)/3) prime?
True
Let r = 101916 - 66053. Is r a composite number?
False
Suppose -3*z + 33674 - 4322 = 0. Let x = z - 3447. Is x composite?
False
Let u(g) = 26*g + 3455. Let q(h) = -22*h + 132. Let d be q(6). Is u(d) composite?
True
Let x(b) = b**3 - b**2 - 2*b + 37. Let o be 2 + 88/6 + (-12)/18. Suppose 3*h + 0*h - 3*i = -12, -4*i = 5*h - o. Is x(h) prime?
True
Let z = -251459 - -393352. Is z a prime number?
False
Let c = 16973 + 3293. Is c composite?
True
Suppose 38*k + 68*k - 222706 = 0. Is k composite?
True
Is 2/(((-156)/458274)/(-13)) composite?
False
Let v(h) be the first derivative of 19*h**4/4 - h**2 - 7*h + 67. Is v(4) prime?
True
Let a be -1 - (-8*3 - -3). Let s be (-1 - 0)*1 - a/(-5). Is 3/(-6) + s/((-12)/(-1246)) a prime number?
True
Suppose 0 = 25*s - 28*s + 5973. Is -6*2/3 + s prime?
True
Let n be (-2)/((-4)/10) + (16 - 19). Suppose 5 = n*i + 3*i, 0 = 4*c - i - 15. Suppose 0 = -4*k + 5*y + 733, 423 - 89 = 2*k + c*y. Is k a composite number?
True
Let j = 168696 - 112079. Is j prime?
False
Is (-410138)/(-4) - (-7 + (-52)/(-8)) a composite number?
True
Suppose 282*g = 270*g. Let t(y) = 2*y**2 + 3*y. Let n be t(-2). Suppose -n*b + 1627 + 1567 = g. Is b composite?
False
Let t = 3405 - 1400. Is t prime?
False
Suppose 133*b = -5*k + 136*b + 285800, 2*b - 57173 = -k. Is k prime?
True
Let v be (1/(-3))/(6/54) + 12. Let n(d) = d**2 - 7*d - 13. Let k be n(v). Suppose -16 = 4*y, y = -k*j + 199 + 212. Is j prime?
True
Let m be (-26)/7 + (-26)/91. Is (-19564)/(-18) - m/36 composite?
False
Suppose 0*s + 1338216 = 22*s. Suppose -29*z + s = -17*z. Is z a composite number?
True
Let t = -334910 + 550449. Is t a prime number?
False
Let g(v) = 141*v - 4. Let w be g(1). Suppose 0 = o - w - 56. Let k = 2082 - o. Is k prime?
True
Let j be (-27)/108 - (-38)/(-8). Is (-2)/(15369/25665 + 3/j) prime?
False
Suppose -7*k + 10*k = -195. Let a = k + 914. Is a a composite number?
True
Suppose 4*m + 3*h = 35, 3*h + 50 = 5*m + 8*h. Suppose m*y + 5 = 25. Suppose -2*k + y*t - 5*t = -210, -5*k = 5*t - 535. Is k composite?
False
Let y = -2854 + 10935. Is y a prime number?
True
Let o = 147125 - 93904. Is o composite?
True
Suppose h = -5*q - 3*h + 74, -4*q = 4*h - 60. Suppose q = -3*r + 5*r - 4*f, 4*r = -f + 1. Is -3 + r + 5 + 1468 prime?
True
Let w(s) = -12 + 3*s - 30 - 5 + 6. Let i be w(-18). Let a = i + 184. Is a a prime number?
True
Let a(c) = 1682*c**3 + 4*c**2 + 19*c + 5. Let i be a(-2). Let r = i - -24312. Is r composite?
True
Let y = -15185 + 84112. Is y a composite number?
False
Let x be (-1 - -5)*1290/120. Suppose 37*m = x*m - 15828. Is m a composite number?
True
Let f(m) be the first derivative of -81*m**2 - 20*m - 17. Let v be f(5). Let d = 143 - v. Is d prime?
False
Let r(u) = -40188*u + 233. Is r(-6) a composite number?
False
Let a be -1 + 6/8*4. Suppose -3*g + a = -40. Suppose -j + 231 = g. Is j a composite number?
True
Suppose -22 = -4*q + l + 4*l, 2*l + 1 = -q. Suppose -93 = -q*k + 57. Suppose 4*m + 0*p = 4*p + 208, -m = p - k. Is m prime?
False
Let b = -624 + 604. Is 3386*(-25)/b*2 a composite number?
True
Suppose 0*j - 8 = -4*j + 4*y, -5*y = 20. Is 100330/150 - j/15 a composite number?
True
Suppose -5*b + 13 - 1 = -4*d, b + 9 = -3*d. Suppose 5*r + 2*z + 6 = b, 2*r = 7*r - 4*z - 12. Suppose 2*l - 1781 + 411 = r. Is l a composite number?
True
Let b be (7 - (-68)/(-8))/(4/56). Let s(n) = -n**3 - 7*n**2 + 24*n - 1. Is s(b) prime?
True
Suppose -5*d = 0, 5*v - 3*d + 0*d - 300505 = 0. Is v prime?
True
Suppose -13 = -4*g + 79. Suppose g*z = 20026 - 4685. Is z a composite number?
True
Is (177542/1)/(14 - 12) prime?
True
Let j(x) be the first derivative of 215*x**2/2 + 88*x - 128. Is j(11) prime?
False
Let l = -40 + 44. Suppose -551 = -l*x - 163. Let c = x - 0. Is c composite?
False
Let y(w) = 116*w**3 - 10*w**2 + 60*w + 3. Let x be (16/(-28))/((-4)/28). Is y(x) a prime number?
True
Suppose y + 3*u - 27 = 0, -5*y - 5*u - 60 = -205. Suppose y*t = 8*t + 360514. Is t a prime number?
False
Suppose -43008 = y - g - 146390, -5 = 5*g. Is y a composite number?
True
Let x be (-5 - -4) + 8/2. Suppose 3*w = 15, -x*o + w = -0*w - 1435. Let s = 151 + o. Is s prime?
True
Let m(h) = -2*h + 22. Let z = 10 + -1. Let l be m(z). Is (2235/12)/(1/l) composite?
True
Suppose -39 = 3*n - 5*a + 94, -n + 2*a - 46 = 0. Let u = 32 + n. Is ((-2)/u)/1*298 a prime number?
True
Suppose -8*l = 3*w - 7*l - 134606, -44887 = -w - 4*l. Is w a prime number?
True
Let a = -14870 - -21213. Is a a prime number?
True
Let p(y) = -14*y + 98. Let m be p(7). Suppose m = 13*f - 7611 - 14606. Is f a composite number?
False
Let p = 199277 + -45310. Is p composite?
True
Is (3 - (0 + -1)) + -91 + 147694 composite?
False
Suppose 770 = 31*k - 17*k. Suppose 0 = 46*i - k*i + 88785. Is i a composite number?
True
Suppose -3*v = -12*j + 10*j - 621355, j = -v + 207105. Is v a prime number?
True
Let y be 2*(18/4 + -3). Let i be ((-28)/(-42) + (1 - y))*-843. Suppose 0 = 5*l - 3*b - i, 0*b = 5*l - b - 1118. Is l prime?
True
Let b = -131333 - -188970. Is b a prime number?
True
Let r(o) = 84*o**2 + 10*o - 9. Let j be r(6). Let d = j - 158. Is d composite?
False
Let m be 18/(-90) + 3708304/20. Suppose -13903 = 8*b - m. Is b prime?
False
Let j(y) = -y**3 + 10*y**2 - 11*y + 9. Let l be j(8). Suppose -27*u = -l*u + 26818. Is u a prime number?
False
Is (132/99)/4 - (-189820)/6 composite?
True
Let t(u) = -8369*u**2 + 5*u - 5. Let c(y) = -8369*y**2 + 5*y - 5. Let k(h) = -4*c(h) + 3*t(h). Is k(1) composite?
False
Suppose 4*f + 13*m - 2221964 = 18*m, -f = -5*m - 555521. Is f a prime number?
False
Let b = 95195 - -6542. Is b a prime number?
True
Suppose -23*z = -20*z + 3. Let t be 20/8*z*4/(-5). Suppose h - 1347 = t*v - 6752, -2*h - 13515 = -5*v. Is v composite?
True
Let c(z) = -3 + 29*z**2 - 15*z**2 + 3*z - 2*z + 111*z**2. Is c(2) a composite number?
False
Suppose 232*v = -249*v + 502*v - 5902323. Is v a prime number?
True
Suppose 8*x - 10*x + 1520 = 0. Suppose -w - 3*q + 759 = q, w = -5*q + x. Let y = w - -312. Is y a composite number?
True
Let g(k) = -309*k - 25. Let h = 267 + -182. Let l = h - 89. Is g(l) a prime number?
False
Let h = 39 + -48. Is 60414/34 + ((-144)/136)/h a composite number?
False
Let s be 13 - (-4 + 0 + 3). Suppose -12*k + 9*k = -9096. Suppose -s*w + k = -6*w. Is w a prime number?
True
Let f(g) = 681*g**2 - 36*g - 289. Is f(-10) composite?
False
Let l(b) = b**3 + 7*b**2 + 13*b + 15. Let w be l(-5). Let g(n) = n**3 - n**2 - n + 22229. Is g(w) composite?
False
Let q be (-712)/(-24)*(19 + -16). Let a = -145 - -279. Let t = a + q. Is t composite?
False
Let d = -39654 - -69455. Is d prime?
False
Is (-3916)/(-2) - (27 + -14) composite?
True
Let z be -1 + 2 